git of q(-2)?
7
Let r = 1 + 74. What is the tens digit of r?
7
Suppose 5*h = 10 + 10. Suppose 0 + 16 = h*n, -5*n + 36 = 2*r. What is the units digit of r + (0 - 0) + -1?
7
Let y = 106 + -45. What is the units digit of y?
1
Let d be (14/4)/(3/6). Suppose 2*k = -3*g - 7, k + 4*k = -4*g - 21. Let t = k + d. What is the units digit of t?
2
Suppose -2*l = 3*l. Suppose l = -5*b + n + 25, 2*b - 4*n - 7 = 3. Suppose 4*y - b = -1. What is the units digit of y?
1
Let a(g) = -5 - 3*g - 4 + 4. Let q be (-136)/24 + (-2)/(-3). What is the units digit of a(q)?
0
Let f(n) = -n**3 + 6*n**2 - 3*n - 9. What is the tens digit of f(4)?
1
Let l(p) = 6*p**3 - 3*p**2 - 2*p - 5. What is the units digit of l(3)?
4
Suppose 5*m = -25, 2*f = 3*m - 0*m + 11. Let j be -1*f/(-4)*-4. Let d = j - 1. What is the units digit of d?
1
Suppose -5*g + 331 - 76 = 0. What is the tens digit of g?
5
Suppose -3*f = -f - 22. Let s = 10 + -7. Suppose f + 16 = s*u. What is the units digit of u?
9
Suppose -n = 5*c - 117, 5*c - 2*c = 4*n - 376. What is the tens digit of n?
9
Suppose -4*b = b - 270. Suppose -u + b = 2*u. What is the tens digit of u?
1
Suppose 2*z = 4 - 2. Suppose -3 + z = -u. Suppose -20 = -2*i + 5*c + 6, u*c + 20 = 4*i. What is the units digit of i?
3
Suppose w = -2*z + 290, 3*z - 435 = -0*z + 4*w. What is the hundreds digit of z?
1
Let s(k) = 2*k - 5. Let f = -1 - -6. What is the units digit of s(f)?
5
Suppose 0 = -3*w - 4*i + 167, w - 5*i = 62 + 19. What is the tens digit of w?
6
Let q = 323 + -91. What is the units digit of q?
2
Let u(i) = 2*i**3 + 5*i**2 - 2 - 6*i**2 - 3*i**3. Let r be u(-2). Let s = r - 0. What is the units digit of s?
2
Suppose -4*f + 4*y = -60, 3 - 1 = 2*f + 5*y. What is the units digit of f?
1
What is the units digit of 1326/(-3)*10/(-20)?
1
Suppose 4*n - 4*o - 344 = 0, 3*n + 3*o = 4*o + 258. Let m = n - 51. What is the units digit of m?
5
Let u = -117 - -220. What is the hundreds digit of u?
1
Let b(s) = s**3 + s**2 - 2*s - 1. Let x be b(3). Let u be 4/(-18) - x/(-9). Suppose -4 + 1 = -u*k. What is the units digit of k?
1
Let n = 25 + -16. Let q be ((-6)/n - 1)*-3. Suppose 0*p = -q*p - 3*x + 14, -17 = -2*p - 5*x. What is the units digit of p?
1
Let b(s) = -7*s. Let d be b(1). Let r(g) = -g**2 - 8*g + 5. What is the units digit of r(d)?
2
Suppose -4*g + 2*g + 4 = 0, 672 = 4*f - 4*g. What is the units digit of f?
0
Let s(g) = 0*g - 4*g + 3*g + g**2. Let x be s(1). Suppose x*u + 27 = 3*u. What is the units digit of u?
9
Suppose -4*b - 80 = -384. What is the tens digit of b?
7
Let g be ((-1)/3)/(1/(-9)). Suppose 0 = -g*o + w + 12, -9 = -2*o - 3*w - 1. What is the units digit of (o/2)/2 + 4?
5
Suppose 0 = y + 3*j - 3, -5*y - j + 6*j = -15. What is the units digit of (y + 4/(-1))*-9?
9
Suppose -4*k + 13 = b, 0*b = b - 5. Let a be 0 + (-2 - (0 + 0)). What is the units digit of (a + 3)*(0 + k)?
2
Let g(d) be the second derivative of d**3/6 - 2*d**2 - 2*d. Let h be g(3). What is the units digit of (h*2 + 0)*-2?
4
Suppose a + 21 = 6. What is the units digit of (a/(-10))/(6/124)?
1
Let k be 0/(-1) + 0 + -3. Let w be 1 - 4/(-1 - 1). What is the units digit of -1 + k/(w/(-4))?
3
Let v = -24 + 47. Let b = v + -1. What is the units digit of b?
2
What is the units digit of 707/5 + 24/40?
2
Let y be 0*3/(-9) - 4. Let s be 6/10*(1 - y). Suppose -i = -s*i + 8. What is the units digit of i?
4
Let q be (22 + 0)*9/(-18). Let b(k) = -k + 1. What is the units digit of b(q)?
2
Let j = -23 + 8. Let i = 26 + j. Suppose -4*q + i = -25. What is the units digit of q?
9
Suppose 2*b - 25 = 5*n, 4*n - 19 = 5*b - 56. Let c = 3 + n. Suppose c = 4*i + 7 - 31. What is the units digit of i?
6
Let d(w) = -w**3 + 3*w**2 + 3*w - 2. Let y be d(2). Suppose -y = -k - 0*z + z, 4*k - 39 = -3*z. What is the units digit of k?
9
Let b(j) = 7*j**2 + 3*j - 1. What is the units digit of b(-3)?
3
Let b be (-4)/5*(-15)/(-3). Let y(t) = t**2 + 4. Let o be y(b). Suppose 5 = 5*w - 4*w, 5*q - o = 3*w. What is the units digit of q?
7
Let l(q) = -2*q**3 + q**2 + 2*q. Let j be l(2). Let h = j + 6. What is the units digit of (h/6)/(5/(-75))?
5
Let f be (-4)/3*(-6)/4. Suppose 4*z - 67 = 3*i, -f*i = -5*z + 41 + 34. Suppose -z = -t - 6. What is the units digit of t?
7
Suppose -4*j + 29 = -3*j + 2*a, 3*j - 2*a - 95 = 0. What is the tens digit of j?
3
Let a(c) = -7*c - 8. Let g be a(-4). Suppose -6 = -4*k + 3*b + 7, -4*b + g = 0. What is the units digit of k?
7
Let x(q) = -5*q**3 - 3*q**2 + 6*q + 2. What is the units digit of x(-3)?
2
Suppose 2*y + 4 = -0*y. Let r be (0 - 2 - y)/(-2). Suppose r = n - 4. What is the units digit of n?
4
Suppose 2*k + 9*k = 2926. What is the tens digit of k?
6
Let q = 0 + 3. Let s be 0 - q - (-6 - 0). Suppose 0 = s*b - 31 + 7. What is the units digit of b?
8
Let c = 85 + -36. Suppose 2*l = -3*f + c, 4*l = f - 5 - 2. What is the units digit of f?
5
Let v(g) = -2*g + 0*g + g**2 - 2*g**2 - 7 - 5*g. Let b be (1 + 0)/(1/(-5)). What is the units digit of v(b)?
3
Let t be (-6)/3 + 2 - 0. Suppose 5*j - 34 - 66 = t. What is the tens digit of j?
2
What is the hundreds digit of -3*(-37 - 0)*1?
1
Suppose 4 = 4*c + 24. Let d = c - -10. What is the units digit of 0 - (-2 - d/1)?
7
Let q be 0 - 2/(-3)*3. Suppose -m - 2*m + 16 = 2*f, -q*m = 3*f - 19. What is the units digit of 1 - ((-2)/m + -1)?
3
Let j be ((-2)/1)/((-6)/(-9)). What is the units digit of 1*j/(-6)*28?
4
Let i(x) = 21*x**3 + 2*x**2 + 3*x - 6. What is the tens digit of i(2)?
7
Suppose 2*g = 2*l + 4, -g + 13 = 4*l - 4. Suppose -212 = l*h - 7*h. What is the tens digit of h?
5
Let i = -7 + 5. What is the tens digit of (10/(-8))/(i/16)?
1
Suppose -3*g + a + 62 = -3, 11 = g - 3*a. What is the units digit of g?
3
Suppose -8*o = -7*o - 3. What is the units digit of o?
3
Suppose 0 = -2*d + 6*d + 36. Let g = d + 6. What is the units digit of ((-6)/(-9))/((-2)/g)?
1
Let l(h) = h**2 - 6*h + 46. What is the tens digit of l(9)?
7
Let x(b) = -b + 5. Let z be x(4). Let v be (27/6)/(z/2). What is the units digit of 45/2*6/v?
5
Let n = -6 + 12. Suppose -n*b + 3*b = -72. What is the units digit of b?
4
Let i(p) = -p**2 - p + 3. Let y be i(0). Let t be 2/10 + y/(-15). Suppose -2*r - 5*m + 16 = t, 3*r = 5*r + 2*m - 10. What is the units digit of r?
3
Let n(k) = -k + 8. Let w be n(8). Suppose 4*v - 44 - 112 = w. What is the units digit of v?
9
Let u(f) = -4*f + 24. What is the units digit of u(-14)?
0
Let l(t) = -t**2 + 8*t - 8. Let k be l(6). Suppose -k*g = -6*g - 2*f + 32, -3*g + f = -40. What is the tens digit of g?
1
Let a(w) be the second derivative of -w**3/6 + w**2/2 - w. Let t be (4/(-5))/((-6)/(-30)). What is the units digit of a(t)?
5
Let w(z) = 3*z**2 - 4*z + 3. Let n be w(2). Suppose -m - 4*m = -3*o + 29, 4*m + 3*o + n = 0. What is the units digit of (2*5)/((-8)/m)?
5
Suppose 278 = 5*f + 5*h + 78, 2*f - 74 = h. What is the tens digit of f?
3
Let n(z) = -20*z - 22. What is the hundreds digit of n(-7)?
1
What is the units digit of (-2)/(-5)*5*10?
0
Let s = -10 - -14. Suppose s*y = -3*f - 2*f + 74, 4*f - 52 = 4*y. What is the units digit of f?
4
Let n(v) = 4*v - 1 - 3*v - v**2 + 2 - v**3. Suppose -4*i - 5*l + 0 = 20, 0 = -3*i - 2*l - 8. What is the units digit of n(i)?
1
Suppose 0 = 5*d - 4*l - 382, d - 234 = -2*d + 4*l. What is the units digit of d?
4
Let h(d) be the first derivative of 3 - 3/2*d**2 - 5*d + 5/3*d**3 + 1/4*d**4. What is the tens digit of h(-5)?
1
Suppose z = 5*u - 15, -z = 2*u + 5 - 11. Suppose h - 2*q + 4 = 0, 2*q - 19 = -2*h - u. Suppose 13 = h*r - 15. What is the units digit of r?
7
Let d be 1*3 - 2/(-2). Suppose -2*c = -d*v + 1 + 1, -4 = -4*c. What is the units digit of v?
1
Let w(o) = 5*o - 1. Let a be 6/8 - 1/(-4). Let m be w(a). Suppose -x + 9 = -m. What is the units digit of x?
3
Let y(h) = -3*h - 2. Let k be y(-14). Suppose 4*x - 3*s - k = 0, -s - s - 15 = -x. What is the units digit of x?
7
Suppose -3*o - 15 = 2*j, 2*o - 2 = j - 12. Let b = j - 0. Suppose b = -x - 4 + 10. What is the units digit of x?
6
Let v(y) = 2*y**3 - 4*y**2 + y + 2. Let a be v(2). Suppose 5*z + 4*f - 3*f = 62, -a*z - 2*f + 46 = 0. Let m = z - 9. What is the units digit of m?
4
Suppose -3*j + 5 = -2*j, 3*j = -4*t + 279. What is the tens digit of t?
6
Let c(w) = 2*w**2 - 4*w - 3. Let p be c(5). Suppose -3*g + p = -45. What is the tens digit of g?
